) = 8*j**3 - 4*j + 4. Give f(1).
8
Let t(o) = -o**3 - 28*o**2 - 52*o + 54. Give t(-26).
54
Let q(l) = -19*l**2 - 114*l + 5. Determine q(-6).
5
Let f(m) = m**3 + 9*m**2 + 6*m + 5. Calculate f(-8).
21
Let l(s) = s**3 + 13*s**2 + s - 5. Calculate l(-13).
-18
Let q(u) = u**3 - 5*u**2 - 16*u - 20. Determine q(8).
44
Let h(o) = -2*o**2 - 40*o + 7. What is h(-20)?
7
Let n(k) = 61*k**2 - k. Determine n(1).
60
Let n(y) = y**2 + 13*y - 15. Calculate n(-15).
15
Let v(f) = f**3 - 4*f**2 + 6*f - 6. Calculate v(3).
3
Let y(c) = c**2 + 6*c - 15. Calculate y(-7).
-8
Let p(d) = d**3 + 10*d**2 + 7*d + 2. Determine p(-9).
20
Let m(d) = d**3 + 15*d**2 - 102*d - 42. Determine m(-20).
-2
Let y(o) = o**3 - 2*o**2 + 5*o - 4. Determine y(3).
20
Let h(t) = -31*t + 308. What is h(10)?
-2
Let v(l) = 2*l + 1. Determine v(6).
13
Let u(d) = -3*d**2 + 100*d + 69. Determine u(34).
1
Let b(t) = -t**2 + 5*t - 5. Determine b(0).
-5
Let d(f) = -7*f**3 + 2*f**2 + 2*f - 1. Determine d(-2).
59
Let o(p) = -p**3 + 11*p**2 - 10*p + 7. Determine o(10).
7
Let s(d) = -5*d - 73. Give s(-12).
-13
Let n(i) = -i**3 + 5*i**2 + 5*i + 16. Give n(7).
-47
Let h(l) = -2*l**3 + 30*l**2 - 26*l - 35. Calculate h(14).
-7
Let c(s) = -s**2 + 9*s - 3. Give c(6).
15
Let z(b) = -b**3 + 11*b**2 - 19*b - 37. Calculate z(8).
3
Let q(k) = -k**2 - 18*k - 44. Calculate q(-13).
21
Let g(w) = -w**3 - 14*w**2 - 18*w - 17. Give g(-12).
-89
Let x(u) = u**2 - 3*u. Calculate x(3).
0
Let t(h) = h**2 - 15*h + 22. What is t(13)?
-4
Let d(u) = 3*u**3 + 4*u**2 + 3*u + 1. What is d(-1)?
-1
Let m(c) = -c**2 - 4*c - 9. Give m(-3).
-6
Let n(p) = 9*p**3 - 2*p**2 + 4*p + 4. Give n(-1).
-11
Let i(a) = -17*a + 161. Determine i(10).
-9
Let w(p) = -p**3 + 5*p**2 - 2*p + 2. Determine w(4).
10
Let p(i) = i - 7. Determine p(12).
5
Let s(u) = u**3 + 3*u**2 - u + 2. Give s(-3).
5
Let c(r) = 4*r**2 - 26*r - 6. What is c(6)?
-18
Let w(s) = -12*s + 175. Determine w(15).
-5
Let g(u) = -24*u + 90. What is g(4)?
-6
Let s(d) = -6*d - 144. Calculate s(-25).
6
Let k(p) = 7*p + 11. Determine k(-6).
-31
Let o(a) = -13*a**2 - 9*a. Determine o(-3).
-90
Let l(z) = z**2 - 12*z - 34. Give l(14).
-6
Let b(i) = i**2 + 11*i + 20. Determine b(-8).
-4
Let k(u) = u**3 + 11*u**2 - 13*u - 6. What is k(-12)?
6
Let p(c) = -2*c**2 + 15*c - 24. Give p(3).
3
Let p(y) = -3*y - 1. Calculate p(4).
-13
Let v(z) = -4*z - 13. Determine v(3).
-25
Let r(m) = -m**3 - 8*m**2 + 9*m + 10. Calculate r(-9).
10
Let j(r) = 11*r + 38. What is j(-6)?
-28
Let o(w) = w**3 + 9*w**2 + w + 3. Calculate o(-9).
-6
Let s(q) = -15*q + 129. What is s(9)?
-6
Let y(k) = -k**3 - 4*k**2 + k + 2. Calculate y(-3).
-10
Let g(j) = j**2 + 53*j + 109. Determine g(-51).
7
Let t(c) = 9*c - 32. Calculate t(-5).
-77
Let o(x) = -3*x + 2. Calculate o(-4).
14
Let j(t) = -2*t**2 - 28*t + 554. What is j(11)?
4
Let m(l) = -2*l**2 - 9*l + 3. Calculate m(-7).
-32
Let o(h) = 5*h + 3. Calculate o(4).
23
Let s(c) = -c**3 + 4*c**2 + 6*c - 3. What is s(5)?
2
Let t(l) = l**2 + 25*l - 25. Calculate t(-26).
1
Let s(k) = k**2 + 6*k + 4. Calculate s(-4).
-4
Let i(k) = -k**2 + 6*k - 5. What is i(8)?
-21
Let n(k) = -4*k + 3. Determine n(-7).
31
Let x(v) = v - 1. Calculate x(-13).
-14
Let j(b) = -2*b - 6. Calculate j(-8).
10
Let o(c) = -5*c**2 + 2*c - 3. Calculate o(2).
-19
Let h(j) = -53*j**2 - 5*j - 4. Determine h(-1).
-52
Let i(u) = 12*u**3 - 5*u**2 - 8*u - 7. Calculate i(-2).
-107
Let f(t) = -t**2 + 20*t - 37. Calculate f(18).
-1
Let t(m) = -3*m**2 - 29*m - 104. Determine t(-4).
-36
Let h(d) = d - 10. Calculate h(6).
-4
Let c(v) = 3*v - 5. Determine c(12).
31
Let t(p) = p**3 - p**2 - p - 64. Determine t(0).
-64
Let o(n) = 133*n + 526. What is o(-4)?
-6
Let h(i) = i**2 - i - 1. What is h(-1)?
1
Let c(d) = -d**2 - 9*d - 2. Calculate c(-7).
12
Let x(g) = -3*g - 4. What is x(-4)?
8
Let b(q) = -4*q + 88. What is b(20)?
8
Let y(r) = r**2 - 8*r - 7. Give y(3).
-22
Let p(l) = 5*l - 5. Calculate p(7).
30
Let j(h) = h**2 + 14*h + 18. Calculate j(-10).
-22
Let s(z) = 2*z - 62. Give s(33).
4
Let s(i) = -i**3 + 4*i**2 - 10*i + 46. Calculate s(4).
6
Let x(u) = 4*u**2 - 9*u + 23. Give x(2).
21
Let m(p) = -2*p**2 - 21*p + 11. Give m(-11).
0
Let x(d) = 26*d + 207. What is x(-10)?
-53
Let g(l) = l**2 + 13*l + 9. Determine g(-12).
-3
Let c(o) = 12*o**3 - o**2 + 4*o - 3. What is c(2)?
97
Let o(i) = i**3 - 5*i**2 + i - 10. Give o(5).
-5
Let n(m) = m**3 - m**2 + m - 6. Give n(-3).
-45
Let w(b) = -2*b**2 + 4*b - 3. Determine w(3).
-9
Let y(l) = 73*l + 135. Calculate y(-2).
-11
Let k(i) = -i - 5. Determine k(-7).
2
Let y(v) = v**2 - 23*v + 71. What is y(20)?
11
Let s(m) = -3*m**2 - 83*m + 37. Determine s(-28).
9
Let n(v) = -v**2 + 5*v + 11. Calculate n(6).
5
Let u(p) = -6*p + 85. Determine u(15).
-5
Let n(v) = -v**2 - 2*v - 15. Calculate n(-9).
-78
Let n(i) = 16*i - 136. Determine n(10).
24
Let d(j) = j**3 + 29*j**2 + 54*j + 31. Determine d(-27).
31
Let j(t) = t**2 - 23*t + 54. Determine j(20).
-6
Let h(t) = -23*t - 12. Determine h(-3).
57
Let x(g) = -g**2 + 6*g + 17. Calculate x(6).
17
Let r(n) = n**3 + 8*n**2 + 12*n - 17. What is r(-7)?
-52
Let o(w) = 4*w**2 - 3*w + 5. Calculate o(5).
90
Let w(r) = -r**3 + 21*r**2 - 39*r + 13. Calculate w(19).
-6
Let f(m) = -m**2 + 5*m - 5. Give f(5).
-5
Let i(d) = d**3 - 4*d**2 - 8*d - 9. What is i(-4)?
-105
Let u(j) = -j**3 + 8*j**2 - 17*j. Determine u(4).
-4
Let m(w) = -w**3 + 9*w**2 - 13*w - 16. Calculate m(7).
-9
Let z(n) = -n**3 + 8*n**2 - 6*n - 6. Give z(6).
30
Let k(o) = o**3 - 5*o**2 - 2*o - 4. Give k(4).
-28
Let f(z) = -12*z**3 - 2*z + 1. Calculate f(1).
-13
Let a(g) = -g**3 - 3*g**2 - 6*g - 7. Give a(-3).
11
Let w(d) = 2*d**3 + d. Calculate w(-1).
-3
Let t(s) = -s**3 + 3*s**2 + 8*s - 14. What is t(4)?
2
Let w(j) = -17*j + 87. Calculate w(5).
2
Let z(q) = -9*q - 347. What is z(-40)?
13
Let w(t) = t**3 - 9*t**2 - 21*t. Give w(11).
11
Let t(k) = 2*k**2 + 10*k + 1. Calculate t(-5).
1
Let y(z) = -2*z**2 - 14*z - 35. Give y(-8).
-51
Let g(f) = 2*f**2 - 76*f + 73. Determine g(37).
-1
Let b(x) = 8*x - 4. Give b(1).
4
Let t(x) = 3*x**2 - 12*x - 20. What is t(5)?
-5
Let w(l) = -l + 58. Give w(0).
58
Let f(z) = -3*z**2 - 253*z - 81. Calculate f(-84).
3
Let p(r) = r + 17. Give p(-5).
12
Let t(h) = 2*h**3 + 9*h**2 - h + 9. Determine t(-5).
-11
Let c(q) = -q**3 + 22*q**2 + 21*q + 27. Calculate c(23).
-19
Let g(s) = 2*s**2 + s - 15. Determine g(-8).
105
Let p(l) = -l**3 - 3*l**2 + 13*l + 17. Determine p(3).
2
Let w(f) = f**2 - 9*f - 26. Give w(8).
-34
Let t(b) = 19*b - 1. Calculate t(5).
94
Let l(j) = -j**2 - 11*j - 3. Determine l(-10).
7
Let a(r) = r**3 - r**2 + r + 5. What is a(0)?
5
Let x(y) = y**2 + 11*y + 1. What is x(-9)?
-17
Let a(x) = -x**2 - 20*x + 17. Give a(-15).
92
Let u(p) = p - 22. Determine u(20).
-2
Let m(t) = -2*t**2 - t - 13. Calculate m(0).
-13
Let t(w) = -40*w - 627. Determine t(-16).
13
Let v(u) = -u**3 - 5*u**2 + 9*u + 11. Determine v(-6).
-7
Let m(x) = -4*x**2 + 75*x - 55. What is m(18)?
-1
Let g(q) = 9*q**2 + 7. Determine g(0).
7
Let m(x) = x**3 - 5*x**2 + 15*x - 34. What is m(3)?
-7
Let n(q) = -10*q + 36. Give n(19).
-154
Let u(m) = m**3 - 9*m**2 + 7*m + 1. Determine u(9).
64
Let l(d) = 7*d**2 + d - 1. Calculate l(1).
7
Let s(l) = 29*l**2 + 2*l. Calculate s(2).
120
Let i(f) = -f**3 - 10*f**2 + 7*f - 13. What is i(-11)?
31
Let o(i) = -42*i**2 + i. Determine o(-1).
-43
Let c(j) = 7*j**2 - 1. Determine c(2).
27
Let p(u) = 2*u - 4. Give p(2).
0
Let c(w) = w**3 + 9*w**2 - w - 9. Determine c(-9).
0
Let o(c) = c**2 + 8*c + 3. Determine o(-8).
3
Let d(a) = 2*a**3 - 4*a**2 - 5*a - 6. Calculate d(4).
38
Let o(f) = -5*f + 45. Calculate o(10).
-5
Let o(q) = q**2 - 8*q - 4. Calculate o(7).
-11
Let s(w) = 2*w**2 + 59*w + 67. Determine s(-28).
-17
Let i(w) = w**2 + 15*w - 8. What is i(-16)?
8
Let l(o) = -4*o**2 - 76*o + 8. Give l(-19).
8
Let m(k) = -k**3 + 7*k**2 + 2*k - 9. Calculate m(7).
5
Let i(t) = -2*t**3 - 33*t**2 + 18*t + 12. Calculate i(-17).
-5
Let u(x) = x**2 - 38*x + 41. Calculate u(37).
4
Let j(n) = n**2 - 6*n - 43. What is j(-9)?
92
Let w(h) = -h**2 + h - 4. Determine w(0).
-4
Let m(h) = -36*h + 32. Give m(2).
-40
Let c(a) = -a**3 + 23*a**2 + 4. Calculate c(23).
4
Let a(s) = -17*s + 14. Determine a(1).
-3
Let a(u) = -5*u + 10. Calculate a(7).
-25
Let m(b) = b**2 - 2*b + 7. Determine m(-4).
